{"id":30,"date":"2025-08-20T20:37:48","date_gmt":"2025-08-20T20:37:48","guid":{"rendered":"https:\/\/projetobhpress.com.br\/descubra\/?page_id=30"},"modified":"2025-10-15T21:15:52","modified_gmt":"2025-10-15T21:15:52","slug":"descubra-em-numeros","status":"publish","type":"page","link":"https:\/\/projetobhpress.com.br\/descubra\/descubra-em-numeros\/","title":{"rendered":"Descubra em n\u00fameros"},"content":{"rendered":"\t\t<div data-elementor-type=\"wp-page\" data-elementor-id=\"30\" class=\"elementor elementor-30\" data-elementor-post-type=\"page\">\n\t\t\t\t<div class=\"elementor-element elementor-element-9eb65a5 e-con-full e-flex e-con e-parent\" data-id=\"9eb65a5\" data-element_type=\"container\">\n\t\t<div class=\"elementor-element elementor-element-e9fbef7 e-con-full e-flex e-con e-child\" data-id=\"e9fbef7\" data-element_type=\"container\">\n\t\t\t\t<div class=\"elementor-element elementor-element-663cabc elementor-widget elementor-widget-heading\" data-id=\"663cabc\" data-element_type=\"widget\" data-widget_type=\"heading.default\">\n\t\t\t\t\t<h2 class=\"elementor-heading-title elementor-size-default\">Descubra em n\u00fameros<\/h2>\t\t\t\t<\/div>\n\t\t\t\t<div class=\"elementor-element elementor-element-43b3fef elementor-widget elementor-widget-text-editor\" data-id=\"43b3fef\" data-element_type=\"widget\" data-widget_type=\"text-editor.default\">\n\t\t\t\t\t\t\t\t\t<p><span class=\"TextRun SCXW63028706 BCX8\" lang=\"PT-BR\" xml:lang=\"PT-BR\" data-contrast=\"auto\"><span class=\"NormalTextRun SCXW63028706 BCX8\">Aqui voc\u00ea encontra os principais resultados do Programa Descubra, apresentados de forma din\u00e2mica e interativa. S\u00e3o n\u00fameros importantes que mostram o alcance da nossa rede, os impactos sociais gerados e as transforma\u00e7\u00f5es j\u00e1 vividas por milhares de adolescentes, jovens e suas fam\u00edlias em Minas Gerais.<\/span><\/span><span class=\"EOP SCXW63028706 BCX8\" data-ccp-props=\"{}\">\u00a0<\/span><\/p>\t\t\t\t\t\t\t\t<\/div>\n\t\t\t\t<\/div>\n\t\t<div class=\"elementor-element elementor-element-bab8eed e-con-full e-flex e-con e-child\" data-id=\"bab8eed\" data-element_type=\"container\">\n\t\t<div class=\"elementor-element elementor-element-7a3f87b e-con-full e-flex e-con e-child\" data-id=\"7a3f87b\" data-element_type=\"container\" data-settings=\"{&quot;background_background&quot;:&quot;classic&quot;,&quot;animation_laptop&quot;:&quot;fadeInRight&quot;}\">\n\t\t<div class=\"elementor-element elementor-element-e57e05c e-con-full e-flex e-con e-child\" data-id=\"e57e05c\" data-element_type=\"container\" data-settings=\"{&quot;background_background&quot;:&quot;classic&quot;}\">\n\t\t\t\t<div class=\"elementor-element elementor-element-be7dd9a elementor-widget elementor-widget-image\" data-id=\"be7dd9a\" data-element_type=\"widget\" data-widget_type=\"image.default\">\n\t\t\t\t\t\t\t\t\t\t\t\t\t\t\t<img fetchpriority=\"high\" decoding=\"async\" width=\"1016\" height=\"1016\" src=\"https:\/\/projetobhpress.com.br\/descubra\/wp-content\/uploads\/2025\/10\/Ativo-3-pcj.png\" class=\"attachment-full size-full wp-image-720\" alt=\"\" srcset=\"https:\/\/projetobhpress.com.br\/descubra\/wp-content\/uploads\/2025\/10\/Ativo-3-pcj.png 1016w, https:\/\/projetobhpress.com.br\/descubra\/wp-content\/uploads\/2025\/10\/Ativo-3-pcj-300x300.png 300w, https:\/\/projetobhpress.com.br\/descubra\/wp-content\/uploads\/2025\/10\/Ativo-3-pcj-150x150.png 150w, https:\/\/projetobhpress.com.br\/descubra\/wp-content\/uploads\/2025\/10\/Ativo-3-pcj-768x768.png 768w\" sizes=\"(max-width: 1016px) 100vw, 1016px\" \/>\t\t\t\t\t\t\t\t\t\t\t\t\t\t\t<\/div>\n\t\t\t\t<div class=\"elementor-element elementor-element-0dff43d elementor-widget elementor-widget-text-editor\" data-id=\"0dff43d\" data-element_type=\"widget\" data-widget_type=\"text-editor.default\">\n\t\t\t\t\t\t\t\t\t<p>Adolescentes atendidos<\/p>\t\t\t\t\t\t\t\t<\/div>\n\t\t\t\t<div class=\"elementor-element elementor-element-424c940 elementor-widget elementor-widget-heading\" data-id=\"424c940\" data-element_type=\"widget\" data-widget_type=\"heading.default\">\n\t\t\t\t\t<h2 class=\"elementor-heading-title elementor-size-default\">+1600<\/h2>\t\t\t\t<\/div>\n\t\t\t\t<\/div>\n\t\t<div class=\"elementor-element elementor-element-f201508 e-con-full e-flex e-con e-child\" data-id=\"f201508\" data-element_type=\"container\" data-settings=\"{&quot;background_background&quot;:&quot;classic&quot;}\">\n\t\t\t\t<div class=\"elementor-element elementor-element-4ff7b48 elementor-widget elementor-widget-image\" data-id=\"4ff7b48\" data-element_type=\"widget\" data-widget_type=\"image.default\">\n\t\t\t\t\t\t\t\t\t\t\t\t\t\t\t<img decoding=\"async\" width=\"512\" height=\"512\" src=\"https:\/\/projetobhpress.com.br\/descubra\/wp-content\/uploads\/2025\/10\/aperto-de-mao.png\" class=\"attachment-full size-full wp-image-2065\" alt=\"\" srcset=\"https:\/\/projetobhpress.com.br\/descubra\/wp-content\/uploads\/2025\/10\/aperto-de-mao.png 512w, https:\/\/projetobhpress.com.br\/descubra\/wp-content\/uploads\/2025\/10\/aperto-de-mao-300x300.png 300w, https:\/\/projetobhpress.com.br\/descubra\/wp-content\/uploads\/2025\/10\/aperto-de-mao-150x150.png 150w\" sizes=\"(max-width: 512px) 100vw, 512px\" \/>\t\t\t\t\t\t\t\t\t\t\t\t\t\t\t<\/div>\n\t\t\t\t<div class=\"elementor-element elementor-element-f21ee09 elementor-widget elementor-widget-text-editor\" data-id=\"f21ee09\" data-element_type=\"widget\" data-widget_type=\"text-editor.default\">\n\t\t\t\t\t\t\t\t\t<p>Empresas envolvidas<\/p>\t\t\t\t\t\t\t\t<\/div>\n\t\t\t\t<div class=\"elementor-element elementor-element-462029f elementor-widget elementor-widget-heading\" data-id=\"462029f\" data-element_type=\"widget\" data-widget_type=\"heading.default\">\n\t\t\t\t\t<h2 class=\"elementor-heading-title elementor-size-default\">+50<\/h2>\t\t\t\t<\/div>\n\t\t\t\t<\/div>\n\t\t\t\t<\/div>\n\t\t<div class=\"elementor-element elementor-element-d514213 e-con-full e-flex e-con e-child\" data-id=\"d514213\" data-element_type=\"container\" data-settings=\"{&quot;background_background&quot;:&quot;classic&quot;,&quot;animation_laptop&quot;:&quot;fadeInLeft&quot;}\">\n\t\t<div class=\"elementor-element elementor-element-35dd48f e-con-full e-flex e-con e-child\" data-id=\"35dd48f\" data-element_type=\"container\">\n\t\t\t\t<div class=\"elementor-element elementor-element-7ae2493 elementor-widget elementor-widget-image\" data-id=\"7ae2493\" data-element_type=\"widget\" data-widget_type=\"image.default\">\n\t\t\t\t\t\t\t\t\t\t\t\t\t\t\t<img decoding=\"async\" width=\"512\" height=\"512\" src=\"https:\/\/projetobhpress.com.br\/descubra\/wp-content\/uploads\/2025\/10\/trabalho-em-equipe.png\" class=\"attachment-full size-full wp-image-2067\" alt=\"\" srcset=\"https:\/\/projetobhpress.com.br\/descubra\/wp-content\/uploads\/2025\/10\/trabalho-em-equipe.png 512w, https:\/\/projetobhpress.com.br\/descubra\/wp-content\/uploads\/2025\/10\/trabalho-em-equipe-300x300.png 300w, https:\/\/projetobhpress.com.br\/descubra\/wp-content\/uploads\/2025\/10\/trabalho-em-equipe-150x150.png 150w\" sizes=\"(max-width: 512px) 100vw, 512px\" \/>\t\t\t\t\t\t\t\t\t\t\t\t\t\t\t<\/div>\n\t\t\t\t<div class=\"elementor-element elementor-element-3832eee elementor-widget elementor-widget-text-editor\" data-id=\"3832eee\" data-element_type=\"widget\" data-widget_type=\"text-editor.default\">\n\t\t\t\t\t\t\t\t\t<p>Entidades formadoras<\/p>\t\t\t\t\t\t\t\t<\/div>\n\t\t\t\t<div class=\"elementor-element elementor-element-6a762c5 elementor-widget elementor-widget-heading\" data-id=\"6a762c5\" data-element_type=\"widget\" data-widget_type=\"heading.default\">\n\t\t\t\t\t<h2 class=\"elementor-heading-title elementor-size-default\">+50<\/h2>\t\t\t\t<\/div>\n\t\t\t\t<\/div>\n\t\t<div class=\"elementor-element elementor-element-86192da e-con-full e-flex e-con e-child\" data-id=\"86192da\" data-element_type=\"container\">\n\t\t\t\t<div class=\"elementor-element elementor-element-5948856 elementor-widget elementor-widget-image\" data-id=\"5948856\" data-element_type=\"widget\" data-widget_type=\"image.default\">\n\t\t\t\t\t\t\t\t\t\t\t\t\t\t\t<img loading=\"lazy\" decoding=\"async\" width=\"512\" height=\"512\" src=\"https:\/\/projetobhpress.com.br\/descubra\/wp-content\/uploads\/2025\/10\/pessoas-juntas.png\" class=\"attachment-full size-full wp-image-2068\" alt=\"\" srcset=\"https:\/\/projetobhpress.com.br\/descubra\/wp-content\/uploads\/2025\/10\/pessoas-juntas.png 512w, https:\/\/projetobhpress.com.br\/descubra\/wp-content\/uploads\/2025\/10\/pessoas-juntas-300x300.png 300w, https:\/\/projetobhpress.com.br\/descubra\/wp-content\/uploads\/2025\/10\/pessoas-juntas-150x150.png 150w\" sizes=\"(max-width: 512px) 100vw, 512px\" \/>\t\t\t\t\t\t\t\t\t\t\t\t\t\t\t<\/div>\n\t\t\t\t<div class=\"elementor-element elementor-element-ea29fc6 elementor-widget elementor-widget-text-editor\" data-id=\"ea29fc6\" data-element_type=\"widget\" data-widget_type=\"text-editor.default\">\n\t\t\t\t\t\t\t\t\tPessoas indiretamente<br> atendidas\t\t\t\t\t\t\t\t<\/div>\n\t\t\t\t<div class=\"elementor-element elementor-element-adb1743 elementor-widget elementor-widget-heading\" data-id=\"adb1743\" data-element_type=\"widget\" data-widget_type=\"heading.default\">\n\t\t\t\t\t<h2 class=\"elementor-heading-title elementor-size-default\">+6400<\/h2>\t\t\t\t<\/div>\n\t\t\t\t<\/div>\n\t\t\t\t<\/div>\n\t\t<div class=\"elementor-element elementor-element-cd7c3d5 e-con-full e-flex e-con e-child\" data-id=\"cd7c3d5\" data-element_type=\"container\" data-settings=\"{&quot;background_background&quot;:&quot;classic&quot;,&quot;animation_laptop&quot;:&quot;fadeInRight&quot;}\">\n\t\t<div class=\"elementor-element elementor-element-53aa1c3 e-con-full e-flex e-con e-child\" data-id=\"53aa1c3\" data-element_type=\"container\">\n\t\t\t\t<div class=\"elementor-element elementor-element-28b5d16 elementor-widget elementor-widget-image\" data-id=\"28b5d16\" data-element_type=\"widget\" data-widget_type=\"image.default\">\n\t\t\t\t\t\t\t\t\t\t\t\t\t\t\t<img loading=\"lazy\" decoding=\"async\" width=\"512\" height=\"512\" src=\"https:\/\/projetobhpress.com.br\/descubra\/wp-content\/uploads\/2025\/10\/renda.png\" class=\"attachment-full size-full wp-image-2069\" alt=\"\" srcset=\"https:\/\/projetobhpress.com.br\/descubra\/wp-content\/uploads\/2025\/10\/renda.png 512w, https:\/\/projetobhpress.com.br\/descubra\/wp-content\/uploads\/2025\/10\/renda-300x300.png 300w, https:\/\/projetobhpress.com.br\/descubra\/wp-content\/uploads\/2025\/10\/renda-150x150.png 150w\" sizes=\"(max-width: 512px) 100vw, 512px\" \/>\t\t\t\t\t\t\t\t\t\t\t\t\t\t\t<\/div>\n\t\t\t\t<div class=\"elementor-element elementor-element-be55938 elementor-widget elementor-widget-text-editor\" data-id=\"be55938\" data-element_type=\"widget\" data-widget_type=\"text-editor.default\">\n\t\t\t\t\t\t\t\t\t<p>de impacto na renda familiar<\/p>\t\t\t\t\t\t\t\t<\/div>\n\t\t\t\t<div class=\"elementor-element elementor-element-5b3d499 elementor-widget elementor-widget-heading\" data-id=\"5b3d499\" data-element_type=\"widget\" data-widget_type=\"heading.default\">\n\t\t\t\t\t<h2 class=\"elementor-heading-title elementor-size-default\">+66,2%<\/h2>\t\t\t\t<\/div>\n\t\t\t\t<\/div>\n\t\t<div class=\"elementor-element elementor-element-ebaece1 e-con-full e-flex e-con e-child\" data-id=\"ebaece1\" data-element_type=\"container\">\n\t\t\t\t<div class=\"elementor-element elementor-element-4bb21df elementor-widget elementor-widget-image\" data-id=\"4bb21df\" data-element_type=\"widget\" data-widget_type=\"image.default\">\n\t\t\t\t\t\t\t\t\t\t\t\t\t\t\t<img loading=\"lazy\" decoding=\"async\" width=\"512\" height=\"512\" src=\"https:\/\/projetobhpress.com.br\/descubra\/wp-content\/uploads\/2025\/10\/familia.png\" class=\"attachment-full size-full wp-image-2070\" alt=\"\" srcset=\"https:\/\/projetobhpress.com.br\/descubra\/wp-content\/uploads\/2025\/10\/familia.png 512w, https:\/\/projetobhpress.com.br\/descubra\/wp-content\/uploads\/2025\/10\/familia-300x300.png 300w, https:\/\/projetobhpress.com.br\/descubra\/wp-content\/uploads\/2025\/10\/familia-150x150.png 150w\" sizes=\"(max-width: 512px) 100vw, 512px\" \/>\t\t\t\t\t\t\t\t\t\t\t\t\t\t\t<\/div>\n\t\t\t\t<div class=\"elementor-element elementor-element-3e2b193 elementor-widget elementor-widget-text-editor\" data-id=\"3e2b193\" data-element_type=\"widget\" data-widget_type=\"text-editor.default\">\n\t\t\t\t\t\t\t\t\tdas fam\u00edlias de adolescentes<br> sa\u00edram da pobreza extrema\t\t\t\t\t\t\t\t<\/div>\n\t\t\t\t<div class=\"elementor-element elementor-element-a1d347a elementor-widget elementor-widget-heading\" data-id=\"a1d347a\" data-element_type=\"widget\" data-widget_type=\"heading.default\">\n\t\t\t\t\t<h2 class=\"elementor-heading-title elementor-size-default\">47%<\/h2>\t\t\t\t<\/div>\n\t\t\t\t<\/div>\n\t\t\t\t<\/div>\n\t\t\t\t<\/div>\n\t\t\t\t<\/div>\n\t\t<div class=\"elementor-element elementor-element-720d778 e-con-full e-flex e-con e-parent\" data-id=\"720d778\" data-element_type=\"container\" data-settings=\"{&quot;background_background&quot;:&quot;classic&quot;}\">\n\t\t<div class=\"elementor-element elementor-element-092283b e-con-full e-flex elementor-invisible e-con e-child\" data-id=\"092283b\" data-element_type=\"container\" id=\"dados\" data-settings=\"{&quot;animation&quot;:&quot;fadeInLeft&quot;}\">\n\t\t\t\t<div class=\"elementor-element elementor-element-2ae3ae0 elementor-hidden-mobile elementor-widget elementor-widget-html\" data-id=\"2ae3ae0\" data-element_type=\"widget\" data-widget_type=\"html.default\">\n\t\t\t\t\t<div style=\"position: relative; width: 100%; padding-bottom: 62.25%; height: 0; overflow: hidden;\">\r\n  <iframe src=\"https:\/\/app.powerbi.com\/view?r=eyJrIjoiYjhkYTJmNWYtNjQ1Yi00ZDZlLTkxYjMtZTJkODY2N2Y1ZjE4IiwidCI6ImYwNWJhOTc0LWJkMWMtNDViZS1hYWY0LTJhMDRiZWFlY2Y2OCJ9\" frameborder=\"0\" frameborder=\"0\" \r\n          style=\"position: absolute; top:0; left:0; width:100%; height:100%;\" \r\n          frameborder=\"0\" allowfullscreen=\"true\"><\/iframe>\r\n<\/div>\r\n\t\t\t\t<\/div>\n\t\t\t\t<div class=\"elementor-element elementor-element-1c7035e elementor-hidden-desktop elementor-hidden-laptop elementor-hidden-tablet_extra elementor-hidden-tablet elementor-hidden-mobile_extra elementor-widget elementor-widget-html\" data-id=\"1c7035e\" data-element_type=\"widget\" data-widget_type=\"html.default\">\n\t\t\t\t\t<div style=\"position: relative; width: 100%; padding-bottom: 75.25%; height: 0; overflow: hidden;\">\r\n  <iframe src=\"https:\/\/app.powerbi.com\/view?r=eyJrIjoiYjhkYTJmNWYtNjQ1Yi00ZDZlLTkxYjMtZTJkODY2N2Y1ZjE4IiwidCI6ImYwNWJhOTc0LWJkMWMtNDViZS1hYWY0LTJhMDRiZWFlY2Y2OCJ9\" frameborder=\"0\" \r\n          style=\"position: absolute; top:0; left:0; width:100%; height:100%;\" \r\n          frameborder=\"0\" allowfullscreen=\"true\"><\/iframe>\r\n<\/div>\r\n\t\t\t\t<\/div>\n\t\t\t\t<\/div>\n\t\t\t\t<\/div>\n\t\t\t\t<\/div>\n\t\t","protected":false},"excerpt":{"rendered":"<p>Descubra em n\u00fameros Aqui voc\u00ea encontra os principais resultados do Programa Descubra, apresentados de forma din\u00e2mica e interativa. S\u00e3o n\u00fameros importantes que mostram o alcance da nossa rede, os impactos sociais gerados e as transforma\u00e7\u00f5es j\u00e1 vividas por milhares de adolescentes, jovens e suas fam\u00edlias em Minas Gerais.\u00a0 Adolescentes atendidos +1600 Empresas envolvidas +50 Entidades [&hellip;]<\/p>\n","protected":false},"author":1,"featured_media":0,"parent":0,"menu_order":0,"comment_status":"closed","ping_status":"closed","template":"elementor_header_footer","meta":{"_acf_changed":false,"footnotes":""},"class_list":["post-30","page","type-page","status-publish","hentry"],"acf":[],"yoast_head":"<!-- This site is optimized with the Yoast SEO plugin v25.7 - https:\/\/yoast.com\/wordpress\/plugins\/seo\/ -->\n<title>Descubra em n\u00fameros - Programa Descubra<\/title>\n<meta name=\"robots\" content=\"index, follow, max-snippet:-1, max-image-preview:large, max-video-preview:-1\" \/>\n<link rel=\"canonical\" href=\"https:\/\/projetobhpress.com.br\/descubra\/descubra-em-numeros\/\" \/>\n<meta property=\"og:locale\" content=\"pt_BR\" \/>\n<meta property=\"og:type\" content=\"article\" \/>\n<meta property=\"og:title\" content=\"Descubra em n\u00fameros - Programa Descubra\" \/>\n<meta property=\"og:description\" content=\"Descubra em n\u00fameros Aqui voc\u00ea encontra os principais resultados do Programa Descubra, apresentados de forma din\u00e2mica e interativa. S\u00e3o n\u00fameros importantes que mostram o alcance da nossa rede, os impactos sociais gerados e as transforma\u00e7\u00f5es j\u00e1 vividas por milhares de adolescentes, jovens e suas fam\u00edlias em Minas Gerais.\u00a0 Adolescentes atendidos +1600 Empresas envolvidas +50 Entidades [&hellip;]\" \/>\n<meta property=\"og:url\" content=\"https:\/\/projetobhpress.com.br\/descubra\/descubra-em-numeros\/\" \/>\n<meta property=\"og:site_name\" content=\"Programa Descubra\" \/>\n<meta property=\"article:modified_time\" content=\"2025-10-15T21:15:52+00:00\" \/>\n<meta property=\"og:image\" content=\"https:\/\/projetobhpress.com.br\/descubra\/wp-content\/uploads\/2025\/10\/Ativo-3-pcj.png\" \/>\n\t<meta property=\"og:image:width\" content=\"1016\" \/>\n\t<meta property=\"og:image:height\" content=\"1016\" \/>\n\t<meta property=\"og:image:type\" content=\"image\/png\" \/>\n<meta name=\"twitter:card\" content=\"summary_large_image\" \/>\n<meta name=\"twitter:label1\" content=\"Est. tempo de leitura\" \/>\n\t<meta name=\"twitter:data1\" content=\"1 minuto\" \/>\n<script type=\"application\/ld+json\" class=\"yoast-schema-graph\">{\"@context\":\"https:\/\/schema.org\",\"@graph\":[{\"@type\":\"WebPage\",\"@id\":\"https:\/\/projetobhpress.com.br\/descubra\/descubra-em-numeros\/\",\"url\":\"https:\/\/projetobhpress.com.br\/descubra\/descubra-em-numeros\/\",\"name\":\"Descubra em n\u00fameros - Programa Descubra\",\"isPartOf\":{\"@id\":\"https:\/\/projetobhpress.com.br\/descubra\/#website\"},\"primaryImageOfPage\":{\"@id\":\"https:\/\/projetobhpress.com.br\/descubra\/descubra-em-numeros\/#primaryimage\"},\"image\":{\"@id\":\"https:\/\/projetobhpress.com.br\/descubra\/descubra-em-numeros\/#primaryimage\"},\"thumbnailUrl\":\"https:\/\/projetobhpress.com.br\/descubra\/wp-content\/uploads\/2025\/10\/Ativo-3-pcj.png\",\"datePublished\":\"2025-08-20T20:37:48+00:00\",\"dateModified\":\"2025-10-15T21:15:52+00:00\",\"breadcrumb\":{\"@id\":\"https:\/\/projetobhpress.com.br\/descubra\/descubra-em-numeros\/#breadcrumb\"},\"inLanguage\":\"pt-BR\",\"potentialAction\":[{\"@type\":\"ReadAction\",\"target\":[\"https:\/\/projetobhpress.com.br\/descubra\/descubra-em-numeros\/\"]}]},{\"@type\":\"ImageObject\",\"inLanguage\":\"pt-BR\",\"@id\":\"https:\/\/projetobhpress.com.br\/descubra\/descubra-em-numeros\/#primaryimage\",\"url\":\"https:\/\/projetobhpress.com.br\/descubra\/wp-content\/uploads\/2025\/10\/Ativo-3-pcj.png\",\"contentUrl\":\"https:\/\/projetobhpress.com.br\/descubra\/wp-content\/uploads\/2025\/10\/Ativo-3-pcj.png\",\"width\":1016,\"height\":1016},{\"@type\":\"BreadcrumbList\",\"@id\":\"https:\/\/projetobhpress.com.br\/descubra\/descubra-em-numeros\/#breadcrumb\",\"itemListElement\":[{\"@type\":\"ListItem\",\"position\":1,\"name\":\"In\u00edcio\",\"item\":\"https:\/\/projetobhpress.com.br\/descubra\/\"},{\"@type\":\"ListItem\",\"position\":2,\"name\":\"Descubra em n\u00fameros\"}]},{\"@type\":\"WebSite\",\"@id\":\"https:\/\/projetobhpress.com.br\/descubra\/#website\",\"url\":\"https:\/\/projetobhpress.com.br\/descubra\/\",\"name\":\"Programa Descubra\",\"description\":\"\",\"publisher\":{\"@id\":\"https:\/\/projetobhpress.com.br\/descubra\/#organization\"},\"potentialAction\":[{\"@type\":\"SearchAction\",\"target\":{\"@type\":\"EntryPoint\",\"urlTemplate\":\"https:\/\/projetobhpress.com.br\/descubra\/?s={search_term_string}\"},\"query-input\":{\"@type\":\"PropertyValueSpecification\",\"valueRequired\":true,\"valueName\":\"search_term_string\"}}],\"inLanguage\":\"pt-BR\"},{\"@type\":\"Organization\",\"@id\":\"https:\/\/projetobhpress.com.br\/descubra\/#organization\",\"name\":\"Minas pela Paz\",\"url\":\"https:\/\/projetobhpress.com.br\/descubra\/\",\"logo\":{\"@type\":\"ImageObject\",\"inLanguage\":\"pt-BR\",\"@id\":\"https:\/\/projetobhpress.com.br\/descubra\/#\/schema\/logo\/image\/\",\"url\":\"https:\/\/projetobhpress.com.br\/descubra\/wp-content\/uploads\/2025\/08\/LOGO_DESCUBRA-8.png\",\"contentUrl\":\"https:\/\/projetobhpress.com.br\/descubra\/wp-content\/uploads\/2025\/08\/LOGO_DESCUBRA-8.png\",\"width\":1973,\"height\":553,\"caption\":\"Minas pela Paz\"},\"image\":{\"@id\":\"https:\/\/projetobhpress.com.br\/descubra\/#\/schema\/logo\/image\/\"},\"sameAs\":[\"https:\/\/www.instagram.com\/programadescubra\/\",\"https:\/\/www.linkedin.com\/company\/programa-descubra\"]}]}<\/script>\n<!-- \/ Yoast SEO plugin. -->","yoast_head_json":{"title":"Descubra em n\u00fameros - Programa Descubra","robots":{"index":"index","follow":"follow","max-snippet":"max-snippet:-1","max-image-preview":"max-image-preview:large","max-video-preview":"max-video-preview:-1"},"canonical":"https:\/\/projetobhpress.com.br\/descubra\/descubra-em-numeros\/","og_locale":"pt_BR","og_type":"article","og_title":"Descubra em n\u00fameros - Programa Descubra","og_description":"Descubra em n\u00fameros Aqui voc\u00ea encontra os principais resultados do Programa Descubra, apresentados de forma din\u00e2mica e interativa. S\u00e3o n\u00fameros importantes que mostram o alcance da nossa rede, os impactos sociais gerados e as transforma\u00e7\u00f5es j\u00e1 vividas por milhares de adolescentes, jovens e suas fam\u00edlias em Minas Gerais.\u00a0 Adolescentes atendidos +1600 Empresas envolvidas +50 Entidades [&hellip;]","og_url":"https:\/\/projetobhpress.com.br\/descubra\/descubra-em-numeros\/","og_site_name":"Programa Descubra","article_modified_time":"2025-10-15T21:15:52+00:00","og_image":[{"width":1016,"height":1016,"url":"https:\/\/projetobhpress.com.br\/descubra\/wp-content\/uploads\/2025\/10\/Ativo-3-pcj.png","type":"image\/png"}],"twitter_card":"summary_large_image","twitter_misc":{"Est. tempo de leitura":"1 minuto"},"schema":{"@context":"https:\/\/schema.org","@graph":[{"@type":"WebPage","@id":"https:\/\/projetobhpress.com.br\/descubra\/descubra-em-numeros\/","url":"https:\/\/projetobhpress.com.br\/descubra\/descubra-em-numeros\/","name":"Descubra em n\u00fameros - Programa Descubra","isPartOf":{"@id":"https:\/\/projetobhpress.com.br\/descubra\/#website"},"primaryImageOfPage":{"@id":"https:\/\/projetobhpress.com.br\/descubra\/descubra-em-numeros\/#primaryimage"},"image":{"@id":"https:\/\/projetobhpress.com.br\/descubra\/descubra-em-numeros\/#primaryimage"},"thumbnailUrl":"https:\/\/projetobhpress.com.br\/descubra\/wp-content\/uploads\/2025\/10\/Ativo-3-pcj.png","datePublished":"2025-08-20T20:37:48+00:00","dateModified":"2025-10-15T21:15:52+00:00","breadcrumb":{"@id":"https:\/\/projetobhpress.com.br\/descubra\/descubra-em-numeros\/#breadcrumb"},"inLanguage":"pt-BR","potentialAction":[{"@type":"ReadAction","target":["https:\/\/projetobhpress.com.br\/descubra\/descubra-em-numeros\/"]}]},{"@type":"ImageObject","inLanguage":"pt-BR","@id":"https:\/\/projetobhpress.com.br\/descubra\/descubra-em-numeros\/#primaryimage","url":"https:\/\/projetobhpress.com.br\/descubra\/wp-content\/uploads\/2025\/10\/Ativo-3-pcj.png","contentUrl":"https:\/\/projetobhpress.com.br\/descubra\/wp-content\/uploads\/2025\/10\/Ativo-3-pcj.png","width":1016,"height":1016},{"@type":"BreadcrumbList","@id":"https:\/\/projetobhpress.com.br\/descubra\/descubra-em-numeros\/#breadcrumb","itemListElement":[{"@type":"ListItem","position":1,"name":"In\u00edcio","item":"https:\/\/projetobhpress.com.br\/descubra\/"},{"@type":"ListItem","position":2,"name":"Descubra em n\u00fameros"}]},{"@type":"WebSite","@id":"https:\/\/projetobhpress.com.br\/descubra\/#website","url":"https:\/\/projetobhpress.com.br\/descubra\/","name":"Programa Descubra","description":"","publisher":{"@id":"https:\/\/projetobhpress.com.br\/descubra\/#organization"},"potentialAction":[{"@type":"SearchAction","target":{"@type":"EntryPoint","urlTemplate":"https:\/\/projetobhpress.com.br\/descubra\/?s={search_term_string}"},"query-input":{"@type":"PropertyValueSpecification","valueRequired":true,"valueName":"search_term_string"}}],"inLanguage":"pt-BR"},{"@type":"Organization","@id":"https:\/\/projetobhpress.com.br\/descubra\/#organization","name":"Minas pela Paz","url":"https:\/\/projetobhpress.com.br\/descubra\/","logo":{"@type":"ImageObject","inLanguage":"pt-BR","@id":"https:\/\/projetobhpress.com.br\/descubra\/#\/schema\/logo\/image\/","url":"https:\/\/projetobhpress.com.br\/descubra\/wp-content\/uploads\/2025\/08\/LOGO_DESCUBRA-8.png","contentUrl":"https:\/\/projetobhpress.com.br\/descubra\/wp-content\/uploads\/2025\/08\/LOGO_DESCUBRA-8.png","width":1973,"height":553,"caption":"Minas pela Paz"},"image":{"@id":"https:\/\/projetobhpress.com.br\/descubra\/#\/schema\/logo\/image\/"},"sameAs":["https:\/\/www.instagram.com\/programadescubra\/","https:\/\/www.linkedin.com\/company\/programa-descubra"]}]}},"_links":{"self":[{"href":"https:\/\/projetobhpress.com.br\/descubra\/wp-json\/wp\/v2\/pages\/30","targetHints":{"allow":["GET"]}}],"collection":[{"href":"https:\/\/projetobhpress.com.br\/descubra\/wp-json\/wp\/v2\/pages"}],"about":[{"href":"https:\/\/projetobhpress.com.br\/descubra\/wp-json\/wp\/v2\/types\/page"}],"author":[{"embeddable":true,"href":"https:\/\/projetobhpress.com.br\/descubra\/wp-json\/wp\/v2\/users\/1"}],"replies":[{"embeddable":true,"href":"https:\/\/projetobhpress.com.br\/descubra\/wp-json\/wp\/v2\/comments?post=30"}],"version-history":[{"count":0,"href":"https:\/\/projetobhpress.com.br\/descubra\/wp-json\/wp\/v2\/pages\/30\/revisions"}],"wp:attachment":[{"href":"https:\/\/projetobhpress.com.br\/descubra\/wp-json\/wp\/v2\/media?parent=30"}],"curies":[{"name":"wp","href":"https:\/\/api.w.org\/{rel}","templated":true}]}}